 - 64. Calculate the remainder when o is divided by q(-13).
11
Let z(b) = 2*b + 12. Let n be (-2)/14 + 742/49. What is the remainder when 167 is divided by z(n)?
41
Let m(k) = k - 8 + 12 + 3*k**2 - k**3 + 2*k**2. What is the remainder when m(5) is divided by 5?
4
Let i = 883 - 876. Suppose p + p - 36 = 0. Calculate the remainder when p is divided by i.
4
Let y be (-64)/6 + 16/24. Let x be 60/(-50)*y/3. Calculate the remainder when 13 is divided by x/(-10) - 210/(-25).
5
What is the remainder when 12 + -5 + (-1449)/(-7) is divided by 36?
34
Let t(c) = 2*c**3 - 5*c**2 - 8*c + 2. What is the remainder when 184 is divided by t(5)?
10
Let w be (-225)/(-10)*(-2)/(-3). Suppose 0 = -0*p - 3*p + w. Suppose -v + 5 = -p. Calculate the remainder when 38 is divided by v.
8
Let o(y) = y**2 - 9*y - 32. Calculate the remainder when 109 is divided by o(-6).
51
Let b(q) = q - 1. Let r be b(4). Suppose 4*t = -c + 60 + 11, t = -r*c + 4. Calculate the remainder when 53 is divided by t.
15
Let d be -4*2/(-28)*7. Suppose o + 21 = d*o. Let h(p) = 7*p**2 + 36*p + 5. What is the remainder when h(-6) is divided by o?
20
Let j = 6 + 18. Suppose -2*v - 5*b + j = 0, -5*v + 57 + 3 = -b. Let k = 115 + -69. What is the remainder when k is divided by v?
10
Suppose -3 = -3*l - 2*o, -3*o + 3 = -0*l + 4*l. Suppose -3*r + 2*r = -k + 6, 4*r = -l*k - 52. What is the remainder when (r - -14) + 36 + -1 is divided by 8?
7
Suppose -b + 3*j - 9 = 0, -15 - 4 = b + 2*j. Calculate the remainder when (-5)/(b/81)*1 is divided by 6.
3
Suppose -w = 3*s - 65, 0 = s - 3*s - w + 45. Suppose -16*h + s*h = 56. Calculate the remainder when 24 is divided by h.
10
Suppose -5*m = -2*m + 12, -4*b = m - 16. Let y(q) = 5*q - 7. Let f be y(b). Let d = f + -5. What is the remainder when 51 is divided by d?
12
Let b = -1 + 118. What is the remainder when b is divided by (((-6)/15)/1)/(30/(-1800))?
21
Suppose -25*j = -26*j + 4. Calculate the remainder when (296/2)/j - 1 is divided by 13.
10
Let l(o) = 2*o**2 + 17*o - 14. Suppose 2*y - 17 = 5. Calculate the remainder when l(-11) is divided by y.
8
Calculate the remainder when 159 is divided by 81 - 22 - (1 - -4).
51
Let z(m) = 14*m + 187. Calculate the remainder when z(0) is divided by 21.
19
Suppose -76*v + 73*v = 15. Suppose -i = 3*i - 56. What is the remainder when ((-2)/(-3))/(v*(-10)/5025) is divided by i?
11
Suppose 5*j - 11 = -h, 5*h = -6*j + 7*j - 23. Calculate the remainder when 22 is divided by j.
1
Suppose 4*v = -2*a + 29 + 11, 4*a = 16. What is the remainder when 1/5 + (189/5 - 0) is divided by v?
6
Let u(s) = s**2 - 7*s + 2. Let f = -24 + 37. What is the remainder when u(f) is divided by 27?
26
Suppose 11*c - 39 - 335 = 0. What is the remainder when 105 is divided by c?
3
Suppose k - v = -2*k + 46, 2*v - 95 = -5*k. Suppose q - 49 = 33. Calculate the remainder when q is divided by k.
14
Suppose -79*t + 78*t + 96 = 3*c, -4*c - 3*t + 123 = 0. Let v = 528 + -364. Calculate the remainder when v is divided by c.
32
Suppose 4*f + 27 = 5*f. Calculate the remainder when (-11)/(-3 - 60/(-21)) is divided by f.
23
Let a be 3/(-1 - 2)*-4. Let h = 0 - a. Calculate the remainder when (-322)/(-8) - h/(-16) is divided by 14.
12
What is the remainder when (-23)/((4/6)/(-5 + -1)) is divided by 8?
7
Suppose -5*q - 44 = 2*f, -f + 6*q = 5*q + 8. Let x = f - -131. Let v = -63 - -103. Calculate the remainder when x is divided by v.
39
Let s = -38 - -38. Suppose s*a + 5*a = 125. What is the remainder when 99 is divided by a?
24
Let v = 1324 + -1315. Calculate the remainder when 40 is divided by v.
4
Let m = 555 + -304. Suppose -46 - m = -9*d. What is the remainder when 62 is divided by d?
29
Let t(r) = -10*r + 128. Calculate the remainder when t(9) is divided by 6.
2
Let j(w) = 2*w**2 - 23*w - 51. What is the remainder when 854 is divided by j(14)?
18
Let u(l) = 11*l**3 - 4*l**2 + 12. Calculate the remainder when u(3) is divided by 25.
23
Let f(t) = -t**2 - t + 182. Let j be f(0). Suppose -j = 5*i - 457. Let m = -23 + 42. What is the remainder when i is divided by m?
17
Let b = -6 + 25. Let k = -12 + -5. Let h = b + k. Calculate the remainder when 3 is divided by h.
1
Let c(i) = i + 41. Let z = -169 - -156. Calculate the remainder when 75 is divided by c(z).
19
Let c = 521 - 513. Calculate the remainder when 67 is divided by c.
3
Let l(r) = r**3 - 7*r**2 - 7*r - 36. Calculate the remainder when 1385 is divided by l(9).
62
Let h be 51/34*-1*8. Let a = 51 - h. What is the remainder when a is divided by 16?
15
Let p(j) = -2*j**2 + j + 1. Let a(c) = c**2 + 1. Let t(b) = -a(b) - p(b). What is the remainder when 33 is divided by t(5)?
15
Let b(x) = -2*x - 6. Let h be b(0). Let f be ((-10)/4)/(h/12). Suppose -f*v - 158 = -5*i + 122, 3*v + 227 = 4*i. What is the remainder when i is divided by 15?
14
Let x = -65 + 38. Let k = x - -32. What is the remainder when 9 is divided by k?
4
Suppose 0 = 5*v + 10, -57*b - 5*v = -56*b - 99. Let f(u) = u**2 + 3*u + 6. What is the remainder when b is divided by f(-5)?
13
Let d(o) = -2*o - 18. Let v be d(-7). Calculate the remainder when 1/((-5)/(-170)) - v is divided by 9.
2
Let z(m) = m**2 - 3*m - 484. Calculate the remainder when 39 is divided by z(-21).
19
Let m(j) = 2*j**2 - 68*j + 77. Calculate the remainder when 108 is divided by m(34).
31
Suppose -5*a - 4*c + 111 = 0, 4*c - 92 = 4*a - 8*a. Calculate the remainder when 227 is divided by a.
18
Let j(r) = -r. Let z be j(-6). Let x be 9 + z/4*-2. What is the remainder when 40 is divided by (-1)/x - 86/(-12)?
5
Let p(y) = -2*y**2 - 60*y - 330. What is the remainder when 325 is divided by p(-22)?
17
Suppose 0 = 2*f - 6*f - 5*s - 19, -4*s = -2*f - 16. Let g = 32 + f. What is the remainder when 102 is divided by g?
24
Suppose -672 = -8*k - 32. What is the remainder when k is divided by 24?
8
Let o = -24 - -17. Let k be (-6 + -1)*1 - -6. Calculate the remainder when (53 + o)*k/(-2) is divided by 9.
5
Let z(c) = 9*c**2 - 10*c + 21. Let n be z(7). Suppose 8*l - n = 4*l. Calculate the remainder when l is divided by 20.
18
Suppose 2*f + 5*d = 335 - 44, -f - d + 141 = 0. Calculate the remainder when f is divided by 35.
33
Suppose 890 = 232*c - 227*c. Calculate the remainder when c is divided by 9.
7
Suppose -4*t = 2*t - 78. Let p = 7 + 16. Calculate the remainder when p is divided by t.
10
Suppose -6 = -3*y - 3*x, -3*y + 5*y - 2*x = 16. What is the remainder when ((-126)/y)/(4/(-10)) is divided by 19?
6
Suppose 4 - 4 = -4*d. Suppose 2*n - 56 - 36 = d. Calculate the remainder when n is divided by 7.
4
Suppose -2*a - 2*l = 0, -3*l + 4*l - 4 = 0. Let o(h) = -h - 2. Let z be o(a). Suppose -16*p = -14*p - z. Calculate the remainder when 5 is divided by p.
0
Suppose 168 = -0*g + 4*g. Let r = g + -30. Calculate the remainder when 20 is divided by r.
8
Calculate the remainder when 35 is divided by (-63)/6*(-128)/56.
11
Let w(i) = i**3 - 2*i**2 - i + 6. Let d be w(0). Let t be (-7 + d)*(-56)/2. Suppose -33*x = -t*x - 65. Calculate the remainder when x is divided by 8.
5
Let w = -16 - -22. What is the remainder when (16/24)/(2/w) is divided by 1?
0
Suppose 3*p + t = 518, -t = p - 0*p - 172. Calculate the remainder when p is divided by 11.
8
What is the remainder when (21 - 3)*77/33 is divided by 15?
12
Let y(g) be the third derivative of 0*g + 1/4*g**4 - 1/120*g**6 - 5*g**2 + 1/3*g**3 - 1/30*g**5 + 0. What is the remainder when y(-4) is divided by 7?
3
Suppose -v - 5*y - 1 = 0, 5*v + 2*y - 152 = -42. Suppose 0 = -v*p + 22*p + 24. Suppose 4*g = 32 + p. Calculate the remainder when g is divided by 6.
5
Suppose -2*t - 5*k + 11 = -16, -4*k = -2*t + 36. Let c be (-15)/24*94*-4. Suppose -c = -4*r - r. What is the remainder when r is divided by t?
15
Suppose 3*t + f - 66 = 0, -114 = -5*t - 0*f - 3*f. Suppose -m + t = 5*y, 2 + 0 = y. Calculate the remainder when 4/14 - 145/(-7) is divided by m.
10
Suppose x + 4 + 0 = 0, 62 = 2*t + 2*x. Suppose -t = -a + 2*n, 3*n = 2*a + 6*n - 49. What is the remainder when a is divided by 11?
7
Suppose -2*z = 3*p - 111 + 31, 4*z + 2*p = 176. What is the remainder when 459 is divided by z?
45
Suppose -2*a = -8 + 2. What is the remainder when (7 + 765/(-63))/((-2)/7) is divided by a/((-9)/10)*-3?
8
Suppose 0 = 3*w - 178 - 146. Suppose 3*p = -p + w. What is the remainder when p is div